lse
Does 578 divide 81443718?
False
Is 7295857 a multiple of 47?
True
Is 317 a factor of 2413304199?
True
Is 5 a factor of 602637786?
False
Is 8 a factor of 158073896?
True
Does 6615 divide 481492620?
True
Is 388 a factor of 336244949?
False
Is 255 a factor of 140572530?
False
Does 19 divide 185911873?
False
Is 62 a factor of 3792682?
False
Does 1705 divide 60805415?
True
Is 851872446 a multiple of 1718?
False
Does 483 divide 104490180?
False
Is 672 a factor of 19920096?
True
Is 11 a factor of 163954527?
True
Is 307727919 a multiple of 409?
True
Is 372857272 a multiple of 19?
False
Does 33 divide 936167760?
True
Is 230346748 a multiple of 542?
True
Does 7 divide 145743360?
True
Is 129 a factor of 261056567?
False
Is 25367280 a multiple of 5563?
True
Is 15 a factor of 56751960?
True
Is 202 a factor of 21235048?
True
Is 75 a factor of 1113874763?
False
Does 12 divide 5532774?
False
Is 95 a factor of 58481270?
False
Is 4440508039 a multiple of 8921?
True
Is 84774913 a multiple of 16?
False
Is 244057680 a multiple of 1290?
True
Is 118 a factor of 7344426554?
True
Is 287643423 a multiple of 481?
False
Is 5 a factor of 27207483?
False
Is 187 a factor of 56847379?
False
Is 65773320 a multiple of 120?
True
Does 755 divide 44939865?
True
Is 14765677 a multiple of 652?
False
Is 1301 a factor of 1201551560?
True
Is 11 a factor of 1483603?
True
Is 794518440 a multiple of 872?
True
Is 268288258 a multiple of 406?
False
Is 45 a factor of 129916665?
True
Is 36441888 a multiple of 127?
True
Is 3425097 a multiple of 244?
False
Is 236 a factor of 849660652?
True
Does 141 divide 209876109?
False
Does 664 divide 4909625296?
True
Is 456 a factor of 10957950?
False
Is 723 a factor of 1862902044?
True
Does 1644 divide 53755512?
True
Is 864 a factor of 260627328?
True
Does 91 divide 67126861?
False
Is 3452093580 a multiple of 4204?
True
Is 29 a factor of 1040586?
False
Is 36051439 a multiple of 193?
False
Is 226603065 a multiple of 248?
False
Is 47068506 a multiple of 18?
True
Is 33578892 a multiple of 1908?
True
Is 1601 a factor of 19511354?
False
Is 119589248 a multiple of 71?
False
Is 1208481035 a multiple of 945?
False
Is 617927414 a multiple of 1027?
True
Is 12 a factor of 566357040?
True
Is 373 a factor of 511805609?
True
Is 7 a factor of 31133970?
True
Is 3126 a factor of 84732910?
False
Does 33 divide 16873916?
False
Does 36 divide 25524028?
False
Is 2026697 a multiple of 28?
False
Is 17983692 a multiple of 1410?
False
Is 5721926 a multiple of 277?
False
Does 830 divide 854192840?
True
Is 66520970 a multiple of 865?
False
Is 680710056 a multiple of 52?
True
Does 121 divide 31840787?
True
Does 2403 divide 6123216465?
True
Is 36760899 a multiple of 7?
True
Is 221 a factor of 145832375?
True
Is 1110 a factor of 34152480?
True
Does 2177 divide 508849803?
True
Is 1816750320 a multiple of 2220?
True
Does 48 divide 82938997?
False
Does 1951 divide 736498837?
False
Is 329 a factor of 21358022?
True
Does 5 divide 32844800?
True
Does 153 divide 150775533?
True
Is 2431445 a multiple of 55?
False
Is 1929010198 a multiple of 45?
False
Is 188 a factor of 470026132?
True
Is 866 a factor of 5239300?
True
Does 39 divide 175402461?
True
Does 662 divide 46913292?
True
Is 16 a factor of 161976399?
False
Is 14569488 a multiple of 402?
False
Is 38 a factor of 19892202?
True
Does 471 divide 82758586?
False
Is 382062275 a multiple of 549?
False
Does 393 divide 110364225?
True
Does 2459 divide 11195827?
True
Is 236515186 a multiple of 47?
True
Does 64 divide 43820032?
True
Is 23 a factor of 126532852?
False
Is 1062040101 a multiple of 13?
False
Does 25 divide 25097000?
True
Is 2 a factor of 3088687?
False
Is 40 a factor of 1329172320?
True
Is 7759302 a multiple of 724?
False
Is 329380646 a multiple of 49?
True
Is 782 a factor of 19005728?
True
Is 455523173 a multiple of 307?
False
Does 103 divide 51903245?
True
Is 84456816 a multiple of 166?
True
Does 7 divide 4074622?
False
Is 43032030 a multiple of 8?
False
Does 371 divide 42525875?
True
Does 497 divide 7284529?
True
Does 14 divide 42366718?
False
Does 23 divide 43383154?
False
Is 53 a factor of 778825983?
False
Does 385 divide 98918292?
False
Is 433652334 a multiple of 444?
False
Is 23 a factor of 2459058554?
False
Does 4 divide 468155027?
False
Does 20 divide 1163190840?
True
Is 6204 a factor of 301284852?
True
Does 2831 divide 715291784?
True
Is 294524813 a multiple of 1251?
False
Does 6 divide 133454190?
True
Does 42 divide 1095958061?
False
Is 369913303 a multiple of 138?
False
Is 73737382 a multiple of 28?
False
Is 550 a factor of 199753400?
True
Does 113 divide 3237371357?
False
Does 188 divide 31972764?
False
Is 1173 a factor of 7497278?
False
Does 8 divide 104372999?
False
Is 132459810 a multiple of 1238?
True
Is 15178 a factor of 1358066728?
True
Is 93 a factor of 347103621?
True
Does 526 divide 5089576?
True
Does 941 divide 3113706894?
True
Does 2 divide 23707245?
False
Is 214 a factor of 51992790?
False
Is 128242800 a multiple of 40?
True
Is 5742 a factor of 2495332422?
False
Does 21 divide 15627633?
True
Does 927 divide 34844076?
True
Is 3169042 a multiple of 1215?
False
Is 15237005 a multiple of 7?
True
Is 109657172 a multiple of 198?
False
Is 304771134 a multiple of 58?
False
Is 44663616 a multiple of 432?
True
Is 30539474 a multiple of 14?
True
Does 2023 divide 183694469?
True
Is 7 a factor of 448921844?
True
Is 21 a factor of 1561009091?
False
Is 5740 a factor of 185391698?
False
Is 995 a factor of 131348955?
True
Does 1025 divide 523438800?
True
Is 23 a factor of 1324547?
True
Is 20 a factor of 55690440?
True
Is 1599 a factor of 94721562?
True
Does 4808 divide 272382816?
True
Does 27 divide 27427032?
True
Does 88 divide 78619640?
True
Is 601550 a multiple of 106?
True
Is 1849691 a multiple of 83?
False
Does 6 divide 112497351?
False
Is 3085987060 a multiple of 1362?
False
Does 9213 divide 1714676841?
False
Does 17 divide 867147725?
False
Is 251583271 a multiple of 4486?
False
Is 1309348200 a multiple of 1948?
True
Does 4700 divide 685090800?
True
Is 34998056 a multiple of 163?
True
Is 13 a factor of 40560832?
True
Is 5129756 a multiple of 1271?
True
Is 30 a factor of 43051629?
False
Is 55 a factor of 9287850?
True
Is 600 a factor of 88795718?
False
Does 111 divide 11625658?
False
Is 34434670 a multiple of 2?
True
Is 100541 a multiple of 24?
False
Is 5194445383 a multiple of 179?
False
Is 83 a factor of 2734785?
False
Is 2776512798 a multiple of 6?
True
Does 2094 divide 106716522?
True
Is 229 a factor of 31436433?
True
Is 21857443 a multiple of 33?
False
Is 29426923 a multiple of 131?
True
Is 243435829 a multiple of 746?
False
Is 65 a factor of 62298843?
False
Is 210 a factor of 337761690?
True
Does 9 divide 10551033?
True
Is 12595752 a multiple of 875?
False
Is 7293299552 a multiple of 2464?
True
Does 63 divide 345104802?
True
Does 76 divide 31574313?
False
Is 1399 a factor of 3764667030?
True
Does 126 divide 1025599857?
False
Is 6891902685 a multiple of 27?
True
Is 131991438 a multiple of 32?
False
Does 2206 divide 71251037?
False
Is 1069640016 a multiple of 274?
False
Is 96 a factor of 2902656?
True
Is 357890536 a multiple of 124?
True
Is 183 a factor of 1084294398?
True
Is 20 a factor of 29981911?
False
Does 2781 divide 39698775?
True
Does 295 divide 2602315154?
False
Is 620 a factor of 498489051?
False
Is 592705 a multiple of 19?
True
Is 21400004 a multiple of 145?
False
Is 6746220 a multiple of 6?
True
Is 28526355 a multiple of 58?
False
Is 28638560 a multiple of 80?
True
Does 32 divide 210181?
False
Is 1431 a factor of 6425190?
True
Is 13 a factor of 475017933?
True
Is 948965 a multiple of 5?
True
Does 164 divide 267283264?
True
Is 29 a factor of 57547339?
True
Is 9 a factor of 1439209719?
True
Is 38569225 a multiple of 1861?
True
Is 5460188 a multiple of 8?
False
Is 24235624 a multiple of 457?
True
Does 243 divide 164702451?
False
Does 21 divide 4430946?
False
Is 218938626 a multiple of 993?
True
Is 17 a factor of 34682557?
False
Is 538245339 a multiple of 574?
False
Is 73294047 a multiple of 201?
True
Does 9291 divide 370032657?
True
Is 614 a factor of 23069822?
True
Is 39844993 a multiple of 23?
True
Is 5 a factor of 61146755?
True
Is 2381 a factor of 1379442574?
False
Does 7 divide 131451446?
True
I